{"id":469,"date":"2020-11-20T17:58:28","date_gmt":"2020-11-20T16:58:28","guid":{"rendered":"https:\/\/www.elice-illustration.com\/boutique\/?post_type=product&#038;p=469"},"modified":"2024-03-10T14:27:05","modified_gmt":"2024-03-10T13:27:05","slug":"pamelalgue","status":"publish","type":"product","link":"https:\/\/www.elice-illustration.com\/boutique\/produit\/pamelalgue\/","title":{"rendered":"Pamelalgue"},"content":{"rendered":"<p>Les sir\u00e8nes ont aussi des algues sous les bras.<\/p>\n<p>Linogravure imprim\u00e9e par mes soins, sur une presse manuelle. Il peut y avoir des petites variations d&rsquo;encrage selon les exemplaires.<\/p>\n<p>\u00c9dition limit\u00e9e \u00e0 30 exemplaires (encre noire). Chaque tirage est sign\u00e9 et num\u00e9rot\u00e9.<\/p>\n<p>Pamelalgue est d\u00e9clin\u00e9e en 2 s\u00e9ries couleur (\u00e9dition tr\u00e8s limit\u00e9e, 4 exemplaires de chaque) : \u00ab\u00a0Abysses\u00a0\u00bb et \u00ab\u00a0Mer d&rsquo;automne\u00a0\u00bb (vendues)<\/p>\n<p>&nbsp;<\/p>\n","protected":false},"excerpt":{"rendered":"<p>Linogravure originale<br \/>\nEncre \u00e0 l&rsquo;huile<br \/>\nFormat papier : 25cm x 25cm<br \/>\nFormat illustration : 20cm x 20cm<br \/>\n\u00c9dition limit\u00e9e : 30 exemplaires num\u00e9rot\u00e9s et sign\u00e9s.<\/p>\n","protected":false},"featured_media":2381,"template":"","meta":{"neve_meta_sidebar":"","neve_meta_container":"","neve_meta_enable_content_width":"off","neve_meta_content_width":70,"neve_meta_title_alignment":"","neve_meta_author_avatar":"","neve_post_elements_order":"","neve_meta_disable_header":"","neve_meta_disable_footer":"","neve_meta_disable_title":"","_vp_format_video_url":"","_vp_image_focal_point":[]},"product_brand":[],"product_cat":[44],"product_tag":[51,28,50],"class_list":{"0":"post-469","1":"product","2":"type-product","3":"status-publish","4":"has-post-thumbnail","6":"product_cat-linogravure","7":"product_tag-ocean","8":"product_tag-poisson","9":"product_tag-sirene","10":"product_shipping_class-papier","12":"first","13":"instock","14":"shipping-taxable","15":"purchasable","16":"product-type-simple"},"_links":{"self":[{"href":"https:\/\/www.elice-illustration.com\/boutique\/wp-json\/wp\/v2\/product\/469","targetHints":{"allow":["GET"]}}],"collection":[{"href":"https:\/\/www.elice-illustration.com\/boutique\/wp-json\/wp\/v2\/product"}],"about":[{"href":"https:\/\/www.elice-illustration.com\/boutique\/wp-json\/wp\/v2\/types\/product"}],"wp:featuredmedia":[{"embeddable":true,"href":"https:\/\/www.elice-illustration.com\/boutique\/wp-json\/wp\/v2\/media\/2381"}],"wp:attachment":[{"href":"https:\/\/www.elice-illustration.com\/boutique\/wp-json\/wp\/v2\/media?parent=469"}],"wp:term":[{"taxonomy":"product_brand","embeddable":true,"href":"https:\/\/www.elice-illustration.com\/boutique\/wp-json\/wp\/v2\/product_brand?post=469"},{"taxonomy":"product_cat","embeddable":true,"href":"https:\/\/www.elice-illustration.com\/boutique\/wp-json\/wp\/v2\/product_cat?post=469"},{"taxonomy":"product_tag","embeddable":true,"href":"https:\/\/www.elice-illustration.com\/boutique\/wp-json\/wp\/v2\/product_tag?post=469"}],"curies":[{"name":"wp","href":"https:\/\/api.w.org\/{rel}","templated":true}]}}