{"id":387,"date":"2020-11-14T17:33:37","date_gmt":"2020-11-14T16:33:37","guid":{"rendered":"https:\/\/www.elice-illustration.com\/boutique\/?post_type=product&#038;p=387"},"modified":"2025-03-12T18:13:48","modified_gmt":"2025-03-12T17:13:48","slug":"amabie","status":"publish","type":"product","link":"https:\/\/www.elice-illustration.com\/boutique\/produit\/amabie\/","title":{"rendered":"Amabi\u00e9"},"content":{"rendered":"<p>C&rsquo;est ma repr\u00e9sentation de l&rsquo;Amabi\u00e9, cette cr\u00e9ature marine du folklore japonais, d\u00e9crite avec le corps recouvert d&rsquo;\u00e9cailles, trois pattes, un bec d&rsquo;oiseau et de long cheveux. La l\u00e9gende dit que si une \u00e9pid\u00e9mie se propage, montrer une image d&rsquo;Amabi\u00e9 aux malades les fera gu\u00e9rir.<\/p>\n<p>Linogravure imprim\u00e9e par mes soins sur une presse manuelle \u00e0 la Maison de la Gravure M\u00e9diterran\u00e9e, \u00e0 Montpellier.<\/p>\n<p>\u00c9dition limit\u00e9e \u00e0 30 exemplaires. Chaque tirage est sign\u00e9 et num\u00e9rot\u00e9.<\/p>\n<p>Format du papier : 20cm x 26 cm<br \/>\nFormat de l&rsquo;illustration : 19cm x 12cm<br \/>\nPapier japonais SENKWA, 40g\/m\u00b2<\/p>\n","protected":false},"excerpt":{"rendered":"<p>Linogravure originale imprim\u00e9e sur papier japonais SENKWA, 40g\/m\u00b2<br \/>\nEncre noire \u00e0 l&rsquo;huile de lin.<br \/>\nFormat du papier : 20cm x 26 cm<br \/>\nFormat de l&rsquo;illustration : 19cm x 12cm<br \/>\n\u00c9dition limit\u00e9e : 30 exemplaires num\u00e9rot\u00e9s et sign\u00e9s.<\/p>\n","protected":false},"featured_media":2360,"template":"","meta":{"neve_meta_sidebar":"","neve_meta_container":"","neve_meta_enable_content_width":"off","neve_meta_content_width":70,"neve_meta_title_alignment":"","neve_meta_author_avatar":"","neve_post_elements_order":"","neve_meta_disable_header":"","neve_meta_disable_footer":"","neve_meta_disable_title":"","_vp_format_video_url":"","_vp_image_focal_point":[]},"product_brand":[],"product_cat":[44],"product_tag":[62,64,63],"class_list":{"0":"post-387","1":"product","2":"type-product","3":"status-publish","4":"has-post-thumbnail","6":"product_cat-linogravure","7":"product_tag-amabie","8":"product_tag-japon","9":"product_tag-yokai","10":"product_shipping_class-papier","12":"first","13":"instock","14":"shipping-taxable","15":"purchasable","16":"product-type-simple"},"_links":{"self":[{"href":"https:\/\/www.elice-illustration.com\/boutique\/wp-json\/wp\/v2\/product\/387","targetHints":{"allow":["GET"]}}],"collection":[{"href":"https:\/\/www.elice-illustration.com\/boutique\/wp-json\/wp\/v2\/product"}],"about":[{"href":"https:\/\/www.elice-illustration.com\/boutique\/wp-json\/wp\/v2\/types\/product"}],"wp:featuredmedia":[{"embeddable":true,"href":"https:\/\/www.elice-illustration.com\/boutique\/wp-json\/wp\/v2\/media\/2360"}],"wp:attachment":[{"href":"https:\/\/www.elice-illustration.com\/boutique\/wp-json\/wp\/v2\/media?parent=387"}],"wp:term":[{"taxonomy":"product_brand","embeddable":true,"href":"https:\/\/www.elice-illustration.com\/boutique\/wp-json\/wp\/v2\/product_brand?post=387"},{"taxonomy":"product_cat","embeddable":true,"href":"https:\/\/www.elice-illustration.com\/boutique\/wp-json\/wp\/v2\/product_cat?post=387"},{"taxonomy":"product_tag","embeddable":true,"href":"https:\/\/www.elice-illustration.com\/boutique\/wp-json\/wp\/v2\/product_tag?post=387"}],"curies":[{"name":"wp","href":"https:\/\/api.w.org\/{rel}","templated":true}]}}