{"id":2278,"date":"2022-02-04T14:57:16","date_gmt":"2022-02-04T13:57:16","guid":{"rendered":"https:\/\/www.elice-illustration.com\/boutique\/?post_type=product&#038;p=2278"},"modified":"2022-10-24T16:56:08","modified_gmt":"2022-10-24T14:56:08","slug":"gouache-originale-relents-marins","status":"publish","type":"product","link":"https:\/\/www.elice-illustration.com\/boutique\/produit\/gouache-originale-relents-marins\/","title":{"rendered":"Gouache Originale Relents marins"},"content":{"rendered":"<p>Illustration originale : gouache sur papier 300 g\/m\u00b2<\/p>\n<p>Vendue sans cadre. Envoy\u00e9e \u00e0 plat dans un emballage renforc\u00e9 en carton.<\/p>\n<p>Format papier : 21 x 21 cm<\/p>\n<p>Format de l&rsquo;illustration : environ 17 x 17 cm<\/p>\n","protected":false},"excerpt":{"rendered":"<p>Gouache originale<br \/>\nFormat papier : 21 x 21 cm<br \/>\nFormat de l&rsquo;illustration : environ 17 x 17 cm<\/p>\n","protected":false},"featured_media":2279,"template":"","meta":{"neve_meta_sidebar":"","neve_meta_container":"","neve_meta_enable_content_width":"off","neve_meta_content_width":70,"neve_meta_title_alignment":"","neve_meta_author_avatar":"","neve_post_elements_order":"","neve_meta_disable_header":"","neve_meta_disable_footer":"","neve_meta_disable_title":"","_vp_format_video_url":"","_vp_image_focal_point":[]},"product_brand":[],"product_cat":[147],"product_tag":[51,197,28,50,198],"class_list":{"0":"post-2278","1":"product","2":"type-product","3":"status-publish","4":"has-post-thumbnail","6":"product_cat-gouache","7":"product_tag-ocean","8":"product_tag-peche","9":"product_tag-poisson","10":"product_tag-sirene","11":"product_tag-surpeche","12":"product_shipping_class-papier","14":"first","15":"instock","16":"shipping-taxable","17":"purchasable","18":"product-type-simple"},"_links":{"self":[{"href":"https:\/\/www.elice-illustration.com\/boutique\/wp-json\/wp\/v2\/product\/2278","targetHints":{"allow":["GET"]}}],"collection":[{"href":"https:\/\/www.elice-illustration.com\/boutique\/wp-json\/wp\/v2\/product"}],"about":[{"href":"https:\/\/www.elice-illustration.com\/boutique\/wp-json\/wp\/v2\/types\/product"}],"wp:featuredmedia":[{"embeddable":true,"href":"https:\/\/www.elice-illustration.com\/boutique\/wp-json\/wp\/v2\/media\/2279"}],"wp:attachment":[{"href":"https:\/\/www.elice-illustration.com\/boutique\/wp-json\/wp\/v2\/media?parent=2278"}],"wp:term":[{"taxonomy":"product_brand","embeddable":true,"href":"https:\/\/www.elice-illustration.com\/boutique\/wp-json\/wp\/v2\/product_brand?post=2278"},{"taxonomy":"product_cat","embeddable":true,"href":"https:\/\/www.elice-illustration.com\/boutique\/wp-json\/wp\/v2\/product_cat?post=2278"},{"taxonomy":"product_tag","embeddable":true,"href":"https:\/\/www.elice-illustration.com\/boutique\/wp-json\/wp\/v2\/product_tag?post=2278"}],"curies":[{"name":"wp","href":"https:\/\/api.w.org\/{rel}","templated":true}]}}