{"id":1755,"date":"2021-06-15T11:51:19","date_gmt":"2021-06-15T09:51:19","guid":{"rendered":"https:\/\/www.elice-illustration.com\/boutique\/?post_type=product&#038;p=1755"},"modified":"2021-06-15T11:56:38","modified_gmt":"2021-06-15T09:56:38","slug":"boucles-doreilles-fleurs-laurier","status":"publish","type":"product","link":"https:\/\/www.elice-illustration.com\/boutique\/produit\/boucles-doreilles-fleurs-laurier\/","title":{"rendered":"Boucles d&rsquo;oreilles Fleurs"},"content":{"rendered":"<p>Boucles d&rsquo;oreilles en bois imprim\u00e9.<\/p>\n<h6>Fabrication artisanale<\/h6>\n<p>Je fa\u00e7onne les rondelles de bois \u00e0 partir de branches soigneusement s\u00e9lectionn\u00e9es, que je scie et que je ponce \u00e0 la main.<\/p>\n<p>Je dessine et grave mes images sur de la gomme ou une plaque de linoleum que j&rsquo;utilise ensuite comme un tampon, pour r\u00e9p\u00e9ter le motif en petite s\u00e9rie. Chaque pi\u00e8ce est unique : le rendu est al\u00e9atoire et peut varier d&rsquo;une impression \u00e0 l&rsquo;autre. L&rsquo;intensit\u00e9 de l&rsquo;encre, l&rsquo;\u00e9paisseur et le diam\u00e8tre des rondelles de bois, la position des motifs&#8230;<\/p>\n<p>Les boucles d&rsquo;oreille sont livr\u00e9es dans une petite bo\u00eete r\u00e9alis\u00e9e en origami, avec du papier de r\u00e9cup&rsquo; (je r\u00e9utilise le papier bourre que je re\u00e7ois dans les colis, d&rsquo;o\u00f9 l&rsquo;aspect un peu froiss\u00e9).<\/p>\n<h6>Les mat\u00e9riaux<\/h6>\n<p>J&rsquo;essaie d&rsquo;avoir une d\u00e9marche \u00e9thique et responsable en revalorisant les d\u00e9chets de la taille.<\/p>\n<ul>\n<li>Bois issu de l&rsquo;\u00e9lagage, de mes balades en for\u00eat ou du jardin de mes proches, principalement du Sud-Ouest de la France.<\/li>\n<li>Encres \u00e0 base d&rsquo;huile de lin, certifi\u00e9es sans m\u00e9taux lourds.<\/li>\n<li>Crochets d&rsquo;oreilles en laiton. Sans cadmium, sans nickel, sans plomb. Fabrication europ\u00e9enne.<\/li>\n<li>Vernis \u00e0 l&rsquo;eau.<\/li>\n<\/ul>\n","protected":false},"excerpt":{"rendered":"<p>Boucles d&rsquo;oreille en bois de laurier sauce, imprim\u00e9es \u00e0 la main, recto-verso.<br \/>\n\u00d8 3 cm<br \/>\nHauteur totale : 5,5 cm<\/p>\n","protected":false},"featured_media":1760,"template":"","meta":{"neve_meta_sidebar":"","neve_meta_container":"","neve_meta_enable_content_width":"off","neve_meta_content_width":0,"neve_meta_title_alignment":"","neve_meta_author_avatar":"","neve_post_elements_order":"","neve_meta_disable_header":"","neve_meta_disable_footer":"","neve_meta_disable_title":"","_vp_format_video_url":"","_vp_image_focal_point":[]},"product_brand":[],"product_cat":[21],"product_tag":[27],"class_list":{"0":"post-1755","1":"product","2":"type-product","3":"status-publish","4":"has-post-thumbnail","6":"product_cat-boucles-doreilles","7":"product_tag-fleur","8":"product_shipping_class-bo","9":"pa_contour-avec-ecorce","10":"pa_contour-sans-ecorce","12":"first","13":"instock","14":"shipping-taxable","15":"purchasable","16":"product-type-variable"},"_links":{"self":[{"href":"https:\/\/www.elice-illustration.com\/boutique\/wp-json\/wp\/v2\/product\/1755","targetHints":{"allow":["GET"]}}],"collection":[{"href":"https:\/\/www.elice-illustration.com\/boutique\/wp-json\/wp\/v2\/product"}],"about":[{"href":"https:\/\/www.elice-illustration.com\/boutique\/wp-json\/wp\/v2\/types\/product"}],"wp:featuredmedia":[{"embeddable":true,"href":"https:\/\/www.elice-illustration.com\/boutique\/wp-json\/wp\/v2\/media\/1760"}],"wp:attachment":[{"href":"https:\/\/www.elice-illustration.com\/boutique\/wp-json\/wp\/v2\/media?parent=1755"}],"wp:term":[{"taxonomy":"product_brand","embeddable":true,"href":"https:\/\/www.elice-illustration.com\/boutique\/wp-json\/wp\/v2\/product_brand?post=1755"},{"taxonomy":"product_cat","embeddable":true,"href":"https:\/\/www.elice-illustration.com\/boutique\/wp-json\/wp\/v2\/product_cat?post=1755"},{"taxonomy":"product_tag","embeddable":true,"href":"https:\/\/www.elice-illustration.com\/boutique\/wp-json\/wp\/v2\/product_tag?post=1755"}],"curies":[{"name":"wp","href":"https:\/\/api.w.org\/{rel}","templated":true}]}}