{"id":1649,"date":"2021-02-12T11:50:29","date_gmt":"2021-02-12T10:50:29","guid":{"rendered":"https:\/\/www.elice-illustration.com\/boutique\/?post_type=product&#038;p=1649"},"modified":"2023-01-05T15:52:04","modified_gmt":"2023-01-05T14:52:04","slug":"zoe","status":"publish","type":"product","link":"https:\/\/www.elice-illustration.com\/boutique\/produit\/zoe\/","title":{"rendered":"Zo\u00e9"},"content":{"rendered":"<p>Linogravure imprim\u00e9e par mes soins, sur une presse manuelle. Il peut y avoir des petites variations d&rsquo;encrage selon les exemplaires.<\/p>\n<p>\u00c9dition limit\u00e9e \u00e0 40 exemplaires. Chaque tirage est sign\u00e9 et num\u00e9rot\u00e9.<\/p>\n<p>Papier Fabriano Rosaspina 220g\/m\u00b2, blanc. Encre \u00e0 l&rsquo;huile.<\/p>\n<p>Cette estampe est vendue sans cadre, envoy\u00e9e \u00e0 plat, emball\u00e9e dans du papier de soie et prot\u00e9g\u00e9e par du carton renforc\u00e9.<\/p>\n","protected":false},"excerpt":{"rendered":"<p>Linogravure originale<br \/>\nFormat papier : 20cm x 20cm<br \/>\nFormat illustration : 15cm x 15cm<br \/>\n\u00c9dition limit\u00e9e : 40 exemplaires num\u00e9rot\u00e9s et sign\u00e9s.<\/p>\n","protected":false},"featured_media":2390,"template":"","meta":{"neve_meta_sidebar":"","neve_meta_container":"","neve_meta_enable_content_width":"off","neve_meta_content_width":70,"neve_meta_title_alignment":"","neve_meta_author_avatar":"","neve_post_elements_order":"","neve_meta_disable_header":"","neve_meta_disable_footer":"","neve_meta_disable_title":"","_vp_format_video_url":"","_vp_image_focal_point":[]},"product_brand":[],"product_cat":[44],"product_tag":[130,120,129],"class_list":{"0":"post-1649","1":"product","2":"type-product","3":"status-publish","4":"has-post-thumbnail","6":"product_cat-linogravure","7":"product_tag-animal","8":"product_tag-nenuphars","9":"product_tag-tortue","10":"product_shipping_class-papier","12":"first","13":"instock","14":"shipping-taxable","15":"purchasable","16":"product-type-simple"},"_links":{"self":[{"href":"https:\/\/www.elice-illustration.com\/boutique\/wp-json\/wp\/v2\/product\/1649","targetHints":{"allow":["GET"]}}],"collection":[{"href":"https:\/\/www.elice-illustration.com\/boutique\/wp-json\/wp\/v2\/product"}],"about":[{"href":"https:\/\/www.elice-illustration.com\/boutique\/wp-json\/wp\/v2\/types\/product"}],"wp:featuredmedia":[{"embeddable":true,"href":"https:\/\/www.elice-illustration.com\/boutique\/wp-json\/wp\/v2\/media\/2390"}],"wp:attachment":[{"href":"https:\/\/www.elice-illustration.com\/boutique\/wp-json\/wp\/v2\/media?parent=1649"}],"wp:term":[{"taxonomy":"product_brand","embeddable":true,"href":"https:\/\/www.elice-illustration.com\/boutique\/wp-json\/wp\/v2\/product_brand?post=1649"},{"taxonomy":"product_cat","embeddable":true,"href":"https:\/\/www.elice-illustration.com\/boutique\/wp-json\/wp\/v2\/product_cat?post=1649"},{"taxonomy":"product_tag","embeddable":true,"href":"https:\/\/www.elice-illustration.com\/boutique\/wp-json\/wp\/v2\/product_tag?post=1649"}],"curies":[{"name":"wp","href":"https:\/\/api.w.org\/{rel}","templated":true}]}}