{"id":1216,"date":"2020-11-29T15:44:24","date_gmt":"2020-11-29T14:44:24","guid":{"rendered":"https:\/\/www.elice-illustration.com\/boutique\/?post_type=product&#038;p=1216"},"modified":"2026-03-30T13:25:17","modified_gmt":"2026-03-30T11:25:17","slug":"t-shirt-koala-homme-fit","status":"publish","type":"product","link":"https:\/\/www.elice-illustration.com\/boutique\/produit\/t-shirt-koala-homme-fit\/","title":{"rendered":"T-Shirt Koala Homme Fit"},"content":{"rendered":"<h6>\u00e9dition limit\u00e9e<\/h6>\n<p>S\u00e9rie de 50 T-shirts num\u00e9rot\u00e9s dans le col.<\/p>\n<h6>Textile<\/h6>\n<p>T-shirt en\u00a0<strong>coton certifi\u00e9 biologique. <\/strong>Fabrication <a href=\"https:\/\/www.elice-illustration.com\/boutique\/a-propos\/#textile\">\u00e9thique et responsable<\/a>.<\/p>\n<p>Coupe cintr\u00e9e<\/p>\n<h6>Linogravure<\/h6>\n<p>Le visuel a \u00e9t\u00e9 <strong>grav\u00e9 \u00e0 la main<\/strong>\u00a0dans une plaque de linol\u00e9um avant d&rsquo;\u00eatre\u00a0press\u00e9\u00a0sur le T-shirt. Le visuel prendra\u00a0son aspect d\u00e9finitif apr\u00e8s le premier lavage, qui lui donnera un petit c\u00f4t\u00e9\u00a0<strong>l\u00e9g\u00e8rement pass\u00e9<\/strong>. Apr\u00e8s \u00e7a, il ne bougera plus ! L&rsquo;encre \u00e0 base d&rsquo;<strong>huile de lin<\/strong>, ne contient pas de m\u00e9taux lourds et r\u00e9siste tr\u00e8s longtemps aux lavages.<\/p>\n","protected":false},"excerpt":{"rendered":"<p>T-shirt 100% coton biologique GOTS.<br \/>\nImpression de linogravure.<br \/>\n\u00c9dition limit\u00e9e et num\u00e9rot\u00e9e.<br \/>\nCoupe ajust\u00e9e<\/p>\n","protected":false},"featured_media":1170,"template":"","meta":{"neve_meta_sidebar":"","neve_meta_container":"","neve_meta_enable_content_width":"off","neve_meta_content_width":100,"neve_meta_title_alignment":"","neve_meta_author_avatar":"","neve_post_elements_order":"","neve_meta_disable_header":"","neve_meta_disable_footer":"","neve_meta_disable_title":"","_vp_format_video_url":"","_vp_image_focal_point":[]},"product_brand":[],"product_cat":[106,60,23],"product_tag":[81,105,82],"class_list":{"0":"post-1216","1":"product","2":"type-product","3":"status-publish","4":"has-post-thumbnail","6":"product_cat-hors-collection","7":"product_cat-t-shirts","8":"product_cat-t-shirts-sacs","9":"product_tag-australie","10":"product_tag-derniers-modeles","11":"product_tag-koala","12":"product_shipping_class-tshirt","13":"pa_taille-xl","14":"pa_taille-xxl","16":"first","17":"instock","18":"shipping-taxable","19":"purchasable","20":"product-type-variable"},"_links":{"self":[{"href":"https:\/\/www.elice-illustration.com\/boutique\/wp-json\/wp\/v2\/product\/1216","targetHints":{"allow":["GET"]}}],"collection":[{"href":"https:\/\/www.elice-illustration.com\/boutique\/wp-json\/wp\/v2\/product"}],"about":[{"href":"https:\/\/www.elice-illustration.com\/boutique\/wp-json\/wp\/v2\/types\/product"}],"wp:featuredmedia":[{"embeddable":true,"href":"https:\/\/www.elice-illustration.com\/boutique\/wp-json\/wp\/v2\/media\/1170"}],"wp:attachment":[{"href":"https:\/\/www.elice-illustration.com\/boutique\/wp-json\/wp\/v2\/media?parent=1216"}],"wp:term":[{"taxonomy":"product_brand","embeddable":true,"href":"https:\/\/www.elice-illustration.com\/boutique\/wp-json\/wp\/v2\/product_brand?post=1216"},{"taxonomy":"product_cat","embeddable":true,"href":"https:\/\/www.elice-illustration.com\/boutique\/wp-json\/wp\/v2\/product_cat?post=1216"},{"taxonomy":"product_tag","embeddable":true,"href":"https:\/\/www.elice-illustration.com\/boutique\/wp-json\/wp\/v2\/product_tag?post=1216"}],"curies":[{"name":"wp","href":"https:\/\/api.w.org\/{rel}","templated":true}]}}